{"id":117,"date":"2011-02-23T11:20:36","date_gmt":"2011-02-23T14:20:36","guid":{"rendered":"http:\/\/cbsa-passaros.com.br\/newsite\/?page_id=117"},"modified":"2011-02-23T11:20:36","modified_gmt":"2011-02-23T14:20:36","slug":"colaboradores","status":"publish","type":"page","link":"https:\/\/cbsa-passaros.com.br\/newsite\/?page_id=117","title":{"rendered":"Colaboradores"},"content":{"rendered":"<p>Personalidades que ajudaram a construir e fortalecer nossa Associa\u00e7\u00e3o,somos gratos a todos por acreditarem e respeitarem os nossos ideais.<\/p>\n<p>Engenheiro &#8211; Antonio Pessolo<br \/>\nDr. Fioravant Zampol<br \/>\nDr.Celso Augusto Daniel<br \/>\nDr.Lincon Grillo<br \/>\nDr.Nilton da Costa Brand\u00e3o<br \/>\nVereador &#8211; Gervachio Mascho<br \/>\nVereador &#8211; Jo\u00e3o Valentim<br \/>\nVereadora &#8211; Manuela Perestello<br \/>\nDeputado Estadual &#8211; Israel Zecker<\/p>\n<p>Homenagem In Mem\u00f3ria:<\/p>\n<p>Luiz Brunelli<br \/>\nLeo Sergio Valente<br \/>\nAntonio Inacio Veiga<\/p>\n<p>T\u00edtulos Benem\u00e9ritos:<\/p>\n<p>Deputado Federal &#8211; Duilio Pisaneschi<br \/>\nVereador &#8211; Jo\u00e3o Carlos Raposo Rezende<br \/>\nVereador &#8211; Joaquim J.Andrade<br \/>\nCoronel Alberto Bertolazzi<br \/>\nRomildo Rosada<\/p>\n<p>Patronos e Incentivadores dos Clubes Espalhados por todo o Brasil.<\/p>\n<p>Dr. Afranio Antonio Delgado<br \/>\nAristides Teodoro Mendes<\/p>\n<p>Placas Comemorativas:<\/p>\n<p>Sal\u00e3o Social 1 &#8211; Sr.Antonio Inacio Veiga<\/p>\n<p>Sal\u00e3o Social 2 &#8211; Sr. Luiz Tonus<\/p>\n<p>Secretaria &#8211; Humberto Mario Turin<\/p>\n<p>Homenagem:<\/p>\n<p>Sr. Victor Mazon pela conquista de 1000 Trof\u00e9us<\/p>\n","protected":false},"excerpt":{"rendered":"<p>Personalidades que ajudaram a construir e fortalecer nossa Associa\u00e7\u00e3o,somos gratos a todos por acreditarem e respeitarem os nossos ideais. Engenheiro &#8211; Antonio Pessolo Dr. Fioravant Zampol Dr.Celso Augusto Daniel Dr.Lincon Grillo Dr.Nilton da Costa Brand\u00e3o Vereador &#8211; Gervachio Mascho Vereador &#8211; Jo\u00e3o Valentim Vereadora &#8211; Manuela Perestello Deputado Estadual &#8211; Israel Zecker Homenagem In Mem\u00f3ria:&hellip;<\/p>\n","protected":false},"author":1,"featured_media":0,"parent":0,"menu_order":0,"comment_status":"open","ping_status":"open","template":"","meta":{"footnotes":""},"_links":{"self":[{"href":"https:\/\/cbsa-passaros.com.br\/newsite\/index.php?rest_route=\/wp\/v2\/pages\/117"}],"collection":[{"href":"https:\/\/cbsa-passaros.com.br\/newsite\/index.php?rest_route=\/wp\/v2\/pages"}],"about":[{"href":"https:\/\/cbsa-passaros.com.br\/newsite\/index.php?rest_route=\/wp\/v2\/types\/page"}],"author":[{"embeddable":true,"href":"https:\/\/cbsa-passaros.com.br\/newsite\/index.php?rest_route=\/wp\/v2\/users\/1"}],"replies":[{"embeddable":true,"href":"https:\/\/cbsa-passaros.com.br\/newsite\/index.php?rest_route=%2Fwp%2Fv2%2Fcomments&post=117"}],"version-history":[{"count":1,"href":"https:\/\/cbsa-passaros.com.br\/newsite\/index.php?rest_route=\/wp\/v2\/pages\/117\/revisions"}],"predecessor-version":[{"id":118,"href":"https:\/\/cbsa-passaros.com.br\/newsite\/index.php?rest_route=\/wp\/v2\/pages\/117\/revisions\/118"}],"wp:attachment":[{"href":"https:\/\/cbsa-passaros.com.br\/newsite\/index.php?rest_route=%2Fwp%2Fv2%2Fmedia&parent=117"}],"curies":[{"name":"wp","href":"https:\/\/api.w.org\/{rel}","templated":true}]}}

<p>Personalidades que ajudaram a construir e fortalecer nossa Associação,somos gratos a todos por acreditarem e respeitarem os nossos ideais.</p>
<p>Engenheiro &#8211; Antonio Pessolo<br />
Dr. Fioravant Zampol<br />
Dr.Celso Augusto Daniel<br />
Dr.Lincon Grillo<br />
Dr.Nilton da Costa Brandão<br />
Vereador &#8211; Gervachio Mascho<br />
Vereador &#8211; João Valentim<br />
Vereadora &#8211; Manuela Perestello<br />
Deputado Estadual &#8211; Israel Zecker</p>
<p>Homenagem In Memória:</p>
<p>Luiz Brunelli<br />
Leo Sergio Valente<br />
Antonio Inacio Veiga</p>
<p>Títulos Beneméritos:</p>
<p>Deputado Federal &#8211; Duilio Pisaneschi<br />
Vereador &#8211; João Carlos Raposo Rezende<br />
Vereador &#8211; Joaquim J.Andrade<br />
Coronel Alberto Bertolazzi<br />
Romildo Rosada</p>
<p>Patronos e Incentivadores dos Clubes Espalhados por todo o Brasil.</p>
<p>Dr. Afranio Antonio Delgado<br />
Aristides Teodoro Mendes</p>
<p>Placas Comemorativas:</p>
<p>Salão Social 1 &#8211; Sr.Antonio Inacio Veiga</p>
<p>Salão Social 2 &#8211; Sr. Luiz Tonus</p>
<p>Secretaria &#8211; Humberto Mario Turin</p>
<p>Homenagem:</p>
<p>Sr. Victor Mazon pela conquista de 1000 Troféus</p>

<p>Personalidades que ajudaram a construir e fortalecer nossa Associação,somos gratos a todos por acreditarem e respeitarem os nossos ideais. Engenheiro &#8211; Antonio Pessolo Dr. Fioravant Zampol Dr.Celso Augusto Daniel Dr.Lincon Grillo Dr.Nilton da Costa Brandão Vereador &#8211; Gervachio Mascho Vereador &#8211; João Valentim Vereadora &#8211; Manuela Perestello Deputado Estadual &#8211; Israel Zecker Homenagem In Memória:&hellip;</p>
