{"id":119,"date":"2011-02-23T11:21:53","date_gmt":"2011-02-23T14:21:53","guid":{"rendered":"http:\/\/cbsa-passaros.com.br\/newsite\/?page_id=119"},"modified":"2011-02-23T11:35:46","modified_gmt":"2011-02-23T14:35:46","slug":"patrimonio","status":"publish","type":"page","link":"https:\/\/cbsa-passaros.com.br\/newsite\/?page_id=119","title":{"rendered":"Patrim\u00f4nio"},"content":{"rendered":"<p style=\"text-align: left;\">De 1969 \u00e0 1972, foi um trabalho \u00e1rduo do Sr. Veiga e do Sr. Tonus para adquirir sua sede pr\u00f3pria, em sess\u00e3o solene na C\u00e2mara Municipal de Santo Andr\u00e9 foi concedido a sess\u00e3o de um terreno, conseguida na gest\u00e3o do prefeito Pezzollo e do vice Zampol, com o decreto n.\u00ba 6915 de 23.11.73, foi dada a \u00e1rea de aproximadamente 4000 mt2 , terreno acidentado, depois da posse levamos aproximadamente de 15 a 20 dias com um trator trabalhando diariamente, conseguimos nivelar o terreno, para in\u00edcio das obras, primeiramente foi feito um muro de arrimo de aproximadamente 80 mts de comprimento. Assim dando inicio a constru\u00e7\u00e3o do primeiro galp\u00e3o, o qual ficou a cargo do Sr. Bonfim e do Sr. Jo\u00e3o Fragnah e um grupo de associados. O material estrutural usado veio da Rhodia e a parte financeira de recursos pr\u00f3prios e de campanhas com associados. O Galp\u00e3o aproximadamente 170 mt2 , a seguir foi constru\u00eddo o espa\u00e7o para um bar e banheiros e uma casa para caseiro. O material e m\u00e3o-de-obra foram doados pelo Sr. Luiz Campos.<\/p>\n<p style=\"text-align: left;\">\u00a0<\/p>\n<div id=\"attachment_123\" style=\"width: 460px\" class=\"wp-caption aligncenter\"><a href=\"http:\/\/cbsa-passaros.com.br\/newsite\/wp-content\/uploads\/2011\/02\/const_11.jpg\"><img aria-describedby=\"caption-attachment-123\" decoding=\"async\" loading=\"lazy\" class=\"size-full wp-image-123\" title=\"INICIO DAS CONSTRU\u00c7\u00d5ES\" src=\"http:\/\/cbsa-passaros.com.br\/newsite\/wp-content\/uploads\/2011\/02\/const_11.jpg\" alt=\"INICIO DAS CONSTRU\u00c7\u00d5ES\" width=\"450\" height=\"291\" srcset=\"https:\/\/cbsa-passaros.com.br\/newsite\/wp-content\/uploads\/2011\/02\/const_11.jpg 450w, https:\/\/cbsa-passaros.com.br\/newsite\/wp-content\/uploads\/2011\/02\/const_11-300x194.jpg 300w\" sizes=\"(max-width: 450px) 100vw, 450px\" \/><\/a><p id=\"caption-attachment-123\" class=\"wp-caption-text\">INICIO DAS CONSTRU\u00c7\u00d5ES<\/p><\/div>\n<div id=\"attachment_124\" style=\"width: 460px\" class=\"wp-caption aligncenter\"><a href=\"http:\/\/cbsa-passaros.com.br\/newsite\/wp-content\/uploads\/2011\/02\/const_2.jpg\"><img aria-describedby=\"caption-attachment-124\" decoding=\"async\" loading=\"lazy\" class=\"size-full wp-image-124\" title=\"INICIO DAS CONSTRU\u00c7\u00d5ES\" src=\"http:\/\/cbsa-passaros.com.br\/newsite\/wp-content\/uploads\/2011\/02\/const_2.jpg\" alt=\"INICIO DAS CONSTRU\u00c7\u00d5ES\" width=\"450\" height=\"309\" srcset=\"https:\/\/cbsa-passaros.com.br\/newsite\/wp-content\/uploads\/2011\/02\/const_2.jpg 450w, https:\/\/cbsa-passaros.com.br\/newsite\/wp-content\/uploads\/2011\/02\/const_2-300x206.jpg 300w\" sizes=\"(max-width: 450px) 100vw, 450px\" \/><\/a><p id=\"caption-attachment-124\" class=\"wp-caption-text\">INICIO DAS CONSTRU\u00c7\u00d5ES<\/p><\/div>\n<div id=\"attachment_126\" style=\"width: 460px\" class=\"wp-caption aligncenter\"><a href=\"http:\/\/cbsa-passaros.com.br\/newsite\/wp-content\/uploads\/2011\/02\/Const_3.jpg\"><img aria-describedby=\"caption-attachment-126\" decoding=\"async\" loading=\"lazy\" class=\"size-full wp-image-126\" title=\"(Da esquerda para \u00e0 direita : Herculano, Luiz, Prefeito Pezzollo,Veiga, Tarcio, Vigano e Leo S\u00e9rgio)\" src=\"http:\/\/cbsa-passaros.com.br\/newsite\/wp-content\/uploads\/2011\/02\/Const_3.jpg\" alt=\"(Da esquerda para \u00e0 direita : Herculano, Luiz, Prefeito Pezzollo,Veiga, Tarcio, Vigano e Leo S\u00e9rgio)\" width=\"450\" height=\"325\" srcset=\"https:\/\/cbsa-passaros.com.br\/newsite\/wp-content\/uploads\/2011\/02\/Const_3.jpg 450w, https:\/\/cbsa-passaros.com.br\/newsite\/wp-content\/uploads\/2011\/02\/Const_3-300x216.jpg 300w\" sizes=\"(max-width: 450px) 100vw, 450px\" \/><\/a><p id=\"caption-attachment-126\" class=\"wp-caption-text\">(Da esquerda para \u00e0 direita : Herculano, Luiz, Prefeito Pezzollo,Veiga, Tarcio, Vigano e Leo S\u00e9rgio)<\/p><\/div>\n<p>Em 1996 foi constru\u00eddo um novo sal\u00e3o de 480 mt2 , cuja parte estrutural foi doada pelo Sr. Humberto M\u00e1rio Turin, a alvenaria foi por recursos pr\u00f3prios e com campanhas entre os associados e colabora\u00e7\u00e3o do Vereador Joaquim dos Santos. Esta nova \u00e1rea foi constru\u00edda aproximadamente 100 mt2 , para a cozinha banheiros e a secret\u00e1ria de 1998 \u00e0 2000 foram constru\u00eddos galp\u00f5es, para recrea\u00e7\u00f5es e cantos com aproximadamente 160 mt2 .<\/p>\n<div id=\"attachment_128\" style=\"width: 410px\" class=\"wp-caption aligncenter\"><a href=\"http:\/\/cbsa-passaros.com.br\/newsite\/wp-content\/uploads\/2011\/02\/Const_5.jpg\"><img aria-describedby=\"caption-attachment-128\" decoding=\"async\" loading=\"lazy\" class=\"size-full wp-image-128\" title=\"Secretaria\" src=\"http:\/\/cbsa-passaros.com.br\/newsite\/wp-content\/uploads\/2011\/02\/Const_5.jpg\" alt=\"Secretaria\" width=\"400\" height=\"259\" srcset=\"https:\/\/cbsa-passaros.com.br\/newsite\/wp-content\/uploads\/2011\/02\/Const_5.jpg 400w, https:\/\/cbsa-passaros.com.br\/newsite\/wp-content\/uploads\/2011\/02\/Const_5-300x194.jpg 300w\" sizes=\"(max-width: 400px) 100vw, 400px\" \/><\/a><p id=\"caption-attachment-128\" class=\"wp-caption-text\">Secretaria<\/p><\/div>\n<div id=\"attachment_131\" style=\"width: 510px\" class=\"wp-caption aligncenter\"><a href=\"http:\/\/cbsa-passaros.com.br\/newsite\/wp-content\/uploads\/2011\/02\/Const_4.jpg\"><img aria-describedby=\"caption-attachment-131\" decoding=\"async\" loading=\"lazy\" class=\"size-full wp-image-131\" title=\"Sal\u00e3o social\" src=\"http:\/\/cbsa-passaros.com.br\/newsite\/wp-content\/uploads\/2011\/02\/Const_4.jpg\" alt=\"Sal\u00e3o social\" width=\"500\" height=\"316\" srcset=\"https:\/\/cbsa-passaros.com.br\/newsite\/wp-content\/uploads\/2011\/02\/Const_4.jpg 500w, https:\/\/cbsa-passaros.com.br\/newsite\/wp-content\/uploads\/2011\/02\/Const_4-300x189.jpg 300w\" sizes=\"(max-width: 500px) 100vw, 500px\" \/><\/a><p id=\"caption-attachment-131\" class=\"wp-caption-text\">Sal\u00e3o social<\/p><\/div>\n<div id=\"attachment_129\" style=\"width: 410px\" class=\"wp-caption aligncenter\"><a href=\"http:\/\/cbsa-passaros.com.br\/newsite\/wp-content\/uploads\/2011\/02\/Const_6.jpg\"><img aria-describedby=\"caption-attachment-129\" decoding=\"async\" loading=\"lazy\" class=\"size-full wp-image-129\" title=\"Estacionamento\" src=\"http:\/\/cbsa-passaros.com.br\/newsite\/wp-content\/uploads\/2011\/02\/Const_6.jpg\" alt=\"Estacionamento\" width=\"400\" height=\"300\" srcset=\"https:\/\/cbsa-passaros.com.br\/newsite\/wp-content\/uploads\/2011\/02\/Const_6.jpg 400w, https:\/\/cbsa-passaros.com.br\/newsite\/wp-content\/uploads\/2011\/02\/Const_6-300x225.jpg 300w\" sizes=\"(max-width: 400px) 100vw, 400px\" \/><\/a><p id=\"caption-attachment-129\" class=\"wp-caption-text\">EstacionamentoSal\u00e3o social<\/p><\/div>\n","protected":false},"excerpt":{"rendered":"<p>De 1969 \u00e0 1972, foi um trabalho \u00e1rduo do Sr. Veiga e do Sr. Tonus para adquirir sua sede pr\u00f3pria, em sess\u00e3o solene na C\u00e2mara Municipal de Santo Andr\u00e9 foi concedido a sess\u00e3o de um terreno, conseguida na gest\u00e3o do prefeito Pezzollo e do vice Zampol, com o decreto n.\u00ba 6915 de 23.11.73, foi dada&hellip;<\/p>\n","protected":false},"author":1,"featured_media":0,"parent":0,"menu_order":0,"comment_status":"open","ping_status":"open","template":"","meta":{"footnotes":""},"_links":{"self":[{"href":"https:\/\/cbsa-passaros.com.br\/newsite\/index.php?rest_route=\/wp\/v2\/pages\/119"}],"collection":[{"href":"https:\/\/cbsa-passaros.com.br\/newsite\/index.php?rest_route=\/wp\/v2\/pages"}],"about":[{"href":"https:\/\/cbsa-passaros.com.br\/newsite\/index.php?rest_route=\/wp\/v2\/types\/page"}],"author":[{"embeddable":true,"href":"https:\/\/cbsa-passaros.com.br\/newsite\/index.php?rest_route=\/wp\/v2\/users\/1"}],"replies":[{"embeddable":true,"href":"https:\/\/cbsa-passaros.com.br\/newsite\/index.php?rest_route=%2Fwp%2Fv2%2Fcomments&post=119"}],"version-history":[{"count":8,"href":"https:\/\/cbsa-passaros.com.br\/newsite\/index.php?rest_route=\/wp\/v2\/pages\/119\/revisions"}],"predecessor-version":[{"id":121,"href":"https:\/\/cbsa-passaros.com.br\/newsite\/index.php?rest_route=\/wp\/v2\/pages\/119\/revisions\/121"}],"wp:attachment":[{"href":"https:\/\/cbsa-passaros.com.br\/newsite\/index.php?rest_route=%2Fwp%2Fv2%2Fmedia&parent=119"}],"curies":[{"name":"wp","href":"https:\/\/api.w.org\/{rel}","templated":true}]}}